{"id":48,"date":"2025-10-12T14:02:10","date_gmt":"2025-10-12T14:02:10","guid":{"rendered":"https:\/\/www.brweb.emp.br\/sitio\/about\/"},"modified":"2025-10-12T14:02:10","modified_gmt":"2025-10-12T14:02:10","slug":"about","status":"publish","type":"page","link":"https:\/\/www.brweb.emp.br\/sitio\/about\/","title":{"rendered":"About"},"content":{"rendered":"\n\n\n\n\n<h2>Nossos Diferenciais<\/h2>\n<p>Descubra como nossos servi\u00e7os se destacam no mercado e como podemos auxiliar seu neg\u00f3cio a prosperar.<\/p>\n\n\n\n\n\n\n\n\n\n\n\n\n<h2>Nossos Diferenciais<\/h2>\n<p>Descubra como nossos servi\u00e7os se destacam no mercado e como podemos auxiliar seu neg\u00f3cio a prosperar.<\/p>\n\nEntregamos solu\u00e7\u00f5es customizadas que atendem exatamente \u00e0s suas necessidades tecnol\u00f3gicas.\nConta com uma equipe altamente qualificada e atualizada nas \u00faltimas tend\u00eancias de tecnologia.\nTrabalhamos lado a lado com sua equipe para entender melhor suas necessidades e objetivos.\nNossos resultados falam por si, demonstrando o valor real que entregamos aos nossos clientes.\n\n\n\n\n\n\nEntregamos solu\u00e7\u00f5es customizadas que atendem exatamente \u00e0s suas necessidades tecnol\u00f3gicas.\nConta com uma equipe altamente qualificada e atualizada nas \u00faltimas tend\u00eancias de tecnologia.\n\n\nTrabalhamos lado a lado com sua equipe para entender melhor suas necessidades e objetivos.\n\n\n\n\n\n\n<h6>Conhe\u00e7a os profissionais apaixonados que tornam nossas solu\u00e7\u00f5es poss\u00edveis.<\/h6>\n\n<h2>Nossa Equipe<\/h2>\n\n\n\n<h5>Jo\u00e3o Silva<\/h5>\n\n\n\n\n\n<p>Gerente de Projetos<\/p>\n\n\n\n\n\n<h5>Maria Oliveira<\/h5>\n\n\n\n\n\n<p>Desenvolvedora de Software<\/p>\n\n\n\n\n\n<h5>Carlos Pereira<\/h5>\n\n\n\n\n\n<p>Consultor de Infraestrutura<\/p>\n\n\n\n\n\n\n<h6>Depoimentos de Clientes<\/h6>\n\n<h2>O que nossos clientes dizem sobre n\u00f3s<\/h2>\n\n\n\n\n\n\n\n\n\n&#8220;A BRWEB transformou a forma como gerenciamos nossos processos. A equipe \u00e9 extremamente competente e atenciosa!&#8221;\n&#8220;O suporte oferecido pela BRWEB \u00e9 exemplar. Sempre encontramos solu\u00e7\u00f5es r\u00e1pidas e eficazes para nossos problemas!&#8221;\n&#8220;A consultoria em infraestrutura melhorou significativamente nossa opera\u00e7\u00e3o. Altamente recomendado!&#8221;\n\n\n\n\n\n\n\n\n","protected":false},"excerpt":{"rendered":"","protected":false},"author":1,"featured_media":0,"parent":0,"menu_order":0,"comment_status":"closed","ping_status":"closed","template":"","meta":{"pagelayer_contact_templates":[],"_pagelayer_content":"","footnotes":""},"class_list":["post-48","page","type-page","status-publish","hentry"],"_links":{"self":[{"href":"https:\/\/www.brweb.emp.br\/sitio\/wp-json\/wp\/v2\/pages\/48","targetHints":{"allow":["GET"]}}],"collection":[{"href":"https:\/\/www.brweb.emp.br\/sitio\/wp-json\/wp\/v2\/pages"}],"about":[{"href":"https:\/\/www.brweb.emp.br\/sitio\/wp-json\/wp\/v2\/types\/page"}],"author":[{"embeddable":true,"href":"https:\/\/www.brweb.emp.br\/sitio\/wp-json\/wp\/v2\/users\/1"}],"replies":[{"embeddable":true,"href":"https:\/\/www.brweb.emp.br\/sitio\/wp-json\/wp\/v2\/comments?post=48"}],"version-history":[{"count":0,"href":"https:\/\/www.brweb.emp.br\/sitio\/wp-json\/wp\/v2\/pages\/48\/revisions"}],"wp:attachment":[{"href":"https:\/\/www.brweb.emp.br\/sitio\/wp-json\/wp\/v2\/media?parent=48"}],"curies":[{"name":"wp","href":"https:\/\/api.w.org\/{rel}","templated":true}]}}